{"id":572,"date":"2022-11-03T22:21:19","date_gmt":"2022-11-03T22:21:19","guid":{"rendered":"http:\/\/bomberosalcala.org\/?page_id=572"},"modified":"2025-02-04T12:30:50","modified_gmt":"2025-02-04T12:30:50","slug":"trafico","status":"publish","type":"page","link":"https:\/\/bomberosalcala.org\/index.php\/trafico\/","title":{"rendered":"PR\u00c1CTICAS DE TR\u00c1FICO Y TRATO AL HERIDO"},"content":{"rendered":"<p><a href=\"https:\/\/bomberosalcala.org\/index.php\/trafico-3-rescate-en-accidentes-de-circulacion-maniobras-basicas\/\" role=\"button\"><br \/>\n\t\t\t\t\t\tTR\u00c1FICO 3. MANIOBRAS B\u00c1SICAS<br \/>\n\t\t\t\t\t<\/a><br \/>\n\t\t\t<a href=\"https:\/\/bomberosalcala.org\/index.php\/trato-herido-1-desa-y-soporte-vital-basico\/\" role=\"button\"><br \/>\n\t\t\t\t\t\tTRATO HERIDO 1. SOPORTE B\u00c1SICO Y DESA<br \/>\n\t\t\t\t\t<\/a><br \/>\n\t\t\t<a href=\"https:\/\/bomberosalcala.org\/index.php\/inmovilizacion-tabla-espinaldama-elchearana\/\" role=\"button\"><br \/>\n\t\t\t\t\t\tINMOVILIZACI\u00d3N. TABLA ESPINAL+DAMA ELCHE+ARA\u00d1A<br \/>\n\t\t\t\t\t<\/a><\/p>\n","protected":false},"excerpt":{"rendered":"<p>TR\u00c1FICO 3. MANIOBRAS B\u00c1SICAS TRATO HERIDO 1. SOPORTE B\u00c1SICO Y DESA INMOVILIZACI\u00d3N. TABLA ESPINAL+DAMA ELCHE+ARA\u00d1A<\/p>\n","protected":false},"author":1,"featured_media":0,"parent":0,"menu_order":0,"comment_status":"closed","ping_status":"closed","template":"","meta":{"_monsterinsights_skip_tracking":false,"_monsterinsights_sitenote_active":false,"_monsterinsights_sitenote_note":"","_monsterinsights_sitenote_category":0,"footnotes":""},"class_list":["post-572","page","type-page","status-publish","hentry"],"aioseo_notices":[],"_links":{"self":[{"href":"https:\/\/bomberosalcala.org\/index.php\/wp-json\/wp\/v2\/pages\/572","targetHints":{"allow":["GET"]}}],"collection":[{"href":"https:\/\/bomberosalcala.org\/index.php\/wp-json\/wp\/v2\/pages"}],"about":[{"href":"https:\/\/bomberosalcala.org\/index.php\/wp-json\/wp\/v2\/types\/page"}],"author":[{"embeddable":true,"href":"https:\/\/bomberosalcala.org\/index.php\/wp-json\/wp\/v2\/users\/1"}],"replies":[{"embeddable":true,"href":"https:\/\/bomberosalcala.org\/index.php\/wp-json\/wp\/v2\/comments?post=572"}],"version-history":[{"count":17,"href":"https:\/\/bomberosalcala.org\/index.php\/wp-json\/wp\/v2\/pages\/572\/revisions"}],"predecessor-version":[{"id":2354,"href":"https:\/\/bomberosalcala.org\/index.php\/wp-json\/wp\/v2\/pages\/572\/revisions\/2354"}],"wp:attachment":[{"href":"https:\/\/bomberosalcala.org\/index.php\/wp-json\/wp\/v2\/media?parent=572"}],"curies":[{"name":"wp","href":"https:\/\/api.w.org\/{rel}","templated":true}]}}